{"id":5,"date":"2014-09-02T16:19:45","date_gmt":"2014-09-02T14:19:45","guid":{"rendered":"http:\/\/restaurant-zeitlos.eu\/wordpress\/?page_id=5"},"modified":"2026-04-02T16:56:23","modified_gmt":"2026-04-02T14:56:23","slug":"cafe-restaurant-zeitlos","status":"publish","type":"page","link":"https:\/\/restaurant-zeitlos.eu\/wordpress\/wp-admin\/","title":{"rendered":"Caf\u00e9-Restaurant Zeitlos"},"content":{"rendered":"<div class=\"page\" title=\"Page 1\">\n<div class=\"layoutArea\">\n<div class=\"column\">\n<p><a href=\"http:\/\/restaurant-zeitlos.eu\/wordpress\/cafe-restaurant-zeitlos\/logo\" rel=\"attachment wp-att-605\"><img decoding=\"async\" loading=\"lazy\" class=\"size-full wp-image-605 aligncenter\" src=\"http:\/\/restaurant-zeitlos.eu\/wordpress\/wp-content\/uploads\/2023\/04\/Logo.png\" alt=\"\" width=\"279\" height=\"253\" srcset=\"https:\/\/restaurant-zeitlos.eu\/wp-content\/uploads\/2023\/04\/Logo.png 279w, https:\/\/restaurant-zeitlos.eu\/wp-content\/uploads\/2023\/04\/Logo-212x192.png 212w\" sizes=\"(max-width: 279px) 100vw, 279px\" \/><\/a><\/p>\n<p>Liebe G\u00e4ste,<\/p>\n<p>unsere \u00d6ffnungszeiten ab dem 3. April 2026:<\/p>\n<p>Mittwoch bis Freitag 16 &#8211; 19 Uhr<br \/>\nSamstag 15 &#8211; 19 Uhr<br \/>\nsonntag 13 &#8211; 19 Uhr<\/p>\n<p>Bei Regenwetter oder gro\u00dfer Hitze bleibt das Bistro geschlossen.<\/p>\n<p>Wenn Sie eine der Ferienwohnungen mieten m\u00f6chten, gehen Sie bitte auf unsere Homepage <a href=\"http:\/\/www.restaurant-zeitlos.eu\">www.restaurant-zeitlos.eu<\/a> und f\u00fcllen das Formular aus. Per Email erreichen Sie uns unter info@restaurant-zeitlos.eu.<\/p>\n<div class=\"layoutArea\">\n<div class=\"column\">\n<p>Caf\u00e9-Restaurant Zeitlos<\/p>\n<p>Wenkbacher Str. 16<\/p>\n<p>35096 Weimar-Argenstein<\/p>\n<p>&nbsp;<\/p>\n<p>&nbsp;<\/p>\n<p>&nbsp;<\/p>\n<\/div>\n<div class=\"column\"><\/div>\n<\/div>\n<\/div>\n<div class=\"column\"><\/div>\n<div id='gallery-1' class='gallery galleryid-5 gallery-columns-4 gallery-size-medium'><figure class='gallery-item'>\n\t\t\t<div class='gallery-icon landscape'>\n\t\t\t\t<a href='https:\/\/restaurant-zeitlos.eu\/wp-content\/uploads\/2021\/08\/GeliZeiteninselSchwan.jpeg'><img width=\"300\" height=\"138\" src=\"https:\/\/restaurant-zeitlos.eu\/wp-content\/uploads\/2021\/08\/GeliZeiteninselSchwan-300x138.jpeg\" class=\"attachment-medium size-medium\" alt=\"\" decoding=\"async\" loading=\"lazy\" aria-describedby=\"gallery-1-558\" srcset=\"https:\/\/restaurant-zeitlos.eu\/wp-content\/uploads\/2021\/08\/GeliZeiteninselSchwan-300x138.jpeg 300w, https:\/\/restaurant-zeitlos.eu\/wp-content\/uploads\/2021\/08\/GeliZeiteninselSchwan-1024x472.jpeg 1024w, https:\/\/restaurant-zeitlos.eu\/wp-content\/uploads\/2021\/08\/GeliZeiteninselSchwan-768x354.jpeg 768w, https:\/\/restaurant-zeitlos.eu\/wp-content\/uploads\/2021\/08\/GeliZeiteninselSchwan-1536x708.jpeg 1536w, https:\/\/restaurant-zeitlos.eu\/wp-content\/uploads\/2021\/08\/GeliZeiteninselSchwan-772x356.jpeg 772w, https:\/\/restaurant-zeitlos.eu\/wp-content\/uploads\/2021\/08\/GeliZeiteninselSchwan-1230x567.jpeg 1230w, https:\/\/restaurant-zeitlos.eu\/wp-content\/uploads\/2021\/08\/GeliZeiteninselSchwan-314x145.jpeg 314w, https:\/\/restaurant-zeitlos.eu\/wp-content\/uploads\/2021\/08\/GeliZeiteninselSchwan.jpeg 2048w\" sizes=\"(max-width: 300px) 100vw, 300px\" \/><\/a>\n\t\t\t<\/div>\n\t\t\t\t<figcaption class='wp-caption-text gallery-caption' id='gallery-1-558'>\n\t\t\t\tBlick auf die Zeiteninsel (Foto: Angelika Schwank)\n\t\t\t\t<\/figcaption><\/figure><figure class='gallery-item'>\n\t\t\t<div class='gallery-icon landscape'>\n\t\t\t\t<a href='https:\/\/restaurant-zeitlos.eu\/wp-content\/uploads\/2021\/08\/GeliZeiteninsel.jpeg'><img width=\"300\" height=\"138\" src=\"https:\/\/restaurant-zeitlos.eu\/wp-content\/uploads\/2021\/08\/GeliZeiteninsel-300x138.jpeg\" class=\"attachment-medium size-medium\" alt=\"\" decoding=\"async\" loading=\"lazy\" aria-describedby=\"gallery-1-560\" srcset=\"https:\/\/restaurant-zeitlos.eu\/wp-content\/uploads\/2021\/08\/GeliZeiteninsel-300x138.jpeg 300w, https:\/\/restaurant-zeitlos.eu\/wp-content\/uploads\/2021\/08\/GeliZeiteninsel-1024x473.jpeg 1024w, https:\/\/restaurant-zeitlos.eu\/wp-content\/uploads\/2021\/08\/GeliZeiteninsel-768x354.jpeg 768w, https:\/\/restaurant-zeitlos.eu\/wp-content\/uploads\/2021\/08\/GeliZeiteninsel-1536x709.jpeg 1536w, https:\/\/restaurant-zeitlos.eu\/wp-content\/uploads\/2021\/08\/GeliZeiteninsel-772x356.jpeg 772w, https:\/\/restaurant-zeitlos.eu\/wp-content\/uploads\/2021\/08\/GeliZeiteninsel-1230x568.jpeg 1230w, https:\/\/restaurant-zeitlos.eu\/wp-content\/uploads\/2021\/08\/GeliZeiteninsel-314x145.jpeg 314w, https:\/\/restaurant-zeitlos.eu\/wp-content\/uploads\/2021\/08\/GeliZeiteninsel.jpeg 2048w\" sizes=\"(max-width: 300px) 100vw, 300px\" \/><\/a>\n\t\t\t<\/div>\n\t\t\t\t<figcaption class='wp-caption-text gallery-caption' id='gallery-1-560'>\n\t\t\t\tBlick auf die Zeiteninsel (Foto: Angelika Schwank)\n\t\t\t\t<\/figcaption><\/figure><figure class='gallery-item'>\n\t\t\t<div class='gallery-icon landscape'>\n\t\t\t\t<a href='https:\/\/restaurant-zeitlos.eu\/wp-content\/uploads\/2021\/08\/GeliZeiteninselBild2.jpeg'><img width=\"300\" height=\"215\" src=\"https:\/\/restaurant-zeitlos.eu\/wp-content\/uploads\/2021\/08\/GeliZeiteninselBild2-300x215.jpeg\" class=\"attachment-medium size-medium\" alt=\"\" decoding=\"async\" loading=\"lazy\" aria-describedby=\"gallery-1-559\" srcset=\"https:\/\/restaurant-zeitlos.eu\/wp-content\/uploads\/2021\/08\/GeliZeiteninselBild2-300x215.jpeg 300w, https:\/\/restaurant-zeitlos.eu\/wp-content\/uploads\/2021\/08\/GeliZeiteninselBild2-1024x735.jpeg 1024w, https:\/\/restaurant-zeitlos.eu\/wp-content\/uploads\/2021\/08\/GeliZeiteninselBild2-768x552.jpeg 768w, https:\/\/restaurant-zeitlos.eu\/wp-content\/uploads\/2021\/08\/GeliZeiteninselBild2-1536x1103.jpeg 1536w, https:\/\/restaurant-zeitlos.eu\/wp-content\/uploads\/2021\/08\/GeliZeiteninselBild2-772x554.jpeg 772w, https:\/\/restaurant-zeitlos.eu\/wp-content\/uploads\/2021\/08\/GeliZeiteninselBild2-1230x883.jpeg 1230w, https:\/\/restaurant-zeitlos.eu\/wp-content\/uploads\/2021\/08\/GeliZeiteninselBild2-267x192.jpeg 267w, https:\/\/restaurant-zeitlos.eu\/wp-content\/uploads\/2021\/08\/GeliZeiteninselBild2.jpeg 1781w\" sizes=\"(max-width: 300px) 100vw, 300px\" \/><\/a>\n\t\t\t<\/div>\n\t\t\t\t<figcaption class='wp-caption-text gallery-caption' id='gallery-1-559'>\n\t\t\t\tBlick auf die Zeiteninsel (Bild: Angelika Schwank)\n\t\t\t\t<\/figcaption><\/figure><figure class='gallery-item'>\n\t\t\t<div class='gallery-icon landscape'>\n\t\t\t\t<a href='https:\/\/restaurant-zeitlos.eu\/wp-content\/uploads\/2021\/08\/Blumen-scaled.jpg'><img width=\"300\" height=\"225\" src=\"https:\/\/restaurant-zeitlos.eu\/wp-content\/uploads\/2021\/08\/Blumen-300x225.jpg\" class=\"attachment-medium size-medium\" alt=\"\" decoding=\"async\" loading=\"lazy\" aria-describedby=\"gallery-1-561\" srcset=\"https:\/\/restaurant-zeitlos.eu\/wp-content\/uploads\/2021\/08\/Blumen-300x225.jpg 300w, https:\/\/restaurant-zeitlos.eu\/wp-content\/uploads\/2021\/08\/Blumen-1024x768.jpg 1024w, https:\/\/restaurant-zeitlos.eu\/wp-content\/uploads\/2021\/08\/Blumen-768x576.jpg 768w, https:\/\/restaurant-zeitlos.eu\/wp-content\/uploads\/2021\/08\/Blumen-1536x1152.jpg 1536w, https:\/\/restaurant-zeitlos.eu\/wp-content\/uploads\/2021\/08\/Blumen-2048x1536.jpg 2048w, https:\/\/restaurant-zeitlos.eu\/wp-content\/uploads\/2021\/08\/Blumen-772x579.jpg 772w, https:\/\/restaurant-zeitlos.eu\/wp-content\/uploads\/2021\/08\/Blumen-1230x923.jpg 1230w, https:\/\/restaurant-zeitlos.eu\/wp-content\/uploads\/2021\/08\/Blumen-256x192.jpg 256w\" sizes=\"(max-width: 300px) 100vw, 300px\" \/><\/a>\n\t\t\t<\/div>\n\t\t\t\t<figcaption class='wp-caption-text gallery-caption' id='gallery-1-561'>\n\t\t\t\tImpressionen Caf\u00e9 Zeitlos  (Foto: Jutta Aeckersberg)\n\t\t\t\t<\/figcaption><\/figure><figure class='gallery-item'>\n\t\t\t<div class='gallery-icon landscape'>\n\t\t\t\t<a href='https:\/\/restaurant-zeitlos.eu\/wp-content\/uploads\/2021\/08\/GelbeRosen2-scaled.jpg'><img width=\"300\" height=\"225\" src=\"https:\/\/restaurant-zeitlos.eu\/wp-content\/uploads\/2021\/08\/GelbeRosen2-300x225.jpg\" class=\"attachment-medium size-medium\" alt=\"\" decoding=\"async\" loading=\"lazy\" aria-describedby=\"gallery-1-562\" srcset=\"https:\/\/restaurant-zeitlos.eu\/wp-content\/uploads\/2021\/08\/GelbeRosen2-300x225.jpg 300w, https:\/\/restaurant-zeitlos.eu\/wp-content\/uploads\/2021\/08\/GelbeRosen2-1024x768.jpg 1024w, https:\/\/restaurant-zeitlos.eu\/wp-content\/uploads\/2021\/08\/GelbeRosen2-768x576.jpg 768w, https:\/\/restaurant-zeitlos.eu\/wp-content\/uploads\/2021\/08\/GelbeRosen2-1536x1152.jpg 1536w, https:\/\/restaurant-zeitlos.eu\/wp-content\/uploads\/2021\/08\/GelbeRosen2-2048x1536.jpg 2048w, https:\/\/restaurant-zeitlos.eu\/wp-content\/uploads\/2021\/08\/GelbeRosen2-772x579.jpg 772w, https:\/\/restaurant-zeitlos.eu\/wp-content\/uploads\/2021\/08\/GelbeRosen2-1230x923.jpg 1230w, https:\/\/restaurant-zeitlos.eu\/wp-content\/uploads\/2021\/08\/GelbeRosen2-256x192.jpg 256w\" sizes=\"(max-width: 300px) 100vw, 300px\" \/><\/a>\n\t\t\t<\/div>\n\t\t\t\t<figcaption class='wp-caption-text gallery-caption' id='gallery-1-562'>\n\t\t\t\tImpressionen Caf\u00e9 Zeitlos (Foto Jutta Aeckersberg)\n\t\t\t\t<\/figcaption><\/figure><figure class='gallery-item'>\n\t\t\t<div class='gallery-icon landscape'>\n\t\t\t\t<a href='https:\/\/restaurant-zeitlos.eu\/wp-content\/uploads\/2021\/08\/Blumen2-scaled.jpg'><img width=\"300\" height=\"225\" src=\"https:\/\/restaurant-zeitlos.eu\/wp-content\/uploads\/2021\/08\/Blumen2-300x225.jpg\" class=\"attachment-medium size-medium\" alt=\"\" decoding=\"async\" loading=\"lazy\" aria-describedby=\"gallery-1-563\" srcset=\"https:\/\/restaurant-zeitlos.eu\/wp-content\/uploads\/2021\/08\/Blumen2-300x225.jpg 300w, https:\/\/restaurant-zeitlos.eu\/wp-content\/uploads\/2021\/08\/Blumen2-1024x768.jpg 1024w, https:\/\/restaurant-zeitlos.eu\/wp-content\/uploads\/2021\/08\/Blumen2-768x576.jpg 768w, https:\/\/restaurant-zeitlos.eu\/wp-content\/uploads\/2021\/08\/Blumen2-1536x1152.jpg 1536w, https:\/\/restaurant-zeitlos.eu\/wp-content\/uploads\/2021\/08\/Blumen2-2048x1536.jpg 2048w, https:\/\/restaurant-zeitlos.eu\/wp-content\/uploads\/2021\/08\/Blumen2-772x579.jpg 772w, https:\/\/restaurant-zeitlos.eu\/wp-content\/uploads\/2021\/08\/Blumen2-1230x923.jpg 1230w, https:\/\/restaurant-zeitlos.eu\/wp-content\/uploads\/2021\/08\/Blumen2-256x192.jpg 256w\" sizes=\"(max-width: 300px) 100vw, 300px\" \/><\/a>\n\t\t\t<\/div>\n\t\t\t\t<figcaption class='wp-caption-text gallery-caption' id='gallery-1-563'>\n\t\t\t\tImpressionen Caf\u00e9 Zeitlos (Foto Jutta Aeckersberg)\n\t\t\t\t<\/figcaption><\/figure><figure class='gallery-item'>\n\t\t\t<div class='gallery-icon landscape'>\n\t\t\t\t<a href='https:\/\/restaurant-zeitlos.eu\/wp-content\/uploads\/2023\/04\/20210807_183001-scaled.jpg'><img width=\"300\" height=\"258\" src=\"https:\/\/restaurant-zeitlos.eu\/wp-content\/uploads\/2023\/04\/20210807_183001-300x258.jpg\" class=\"attachment-medium size-medium\" alt=\"\" decoding=\"async\" loading=\"lazy\" aria-describedby=\"gallery-1-596\" srcset=\"https:\/\/restaurant-zeitlos.eu\/wp-content\/uploads\/2023\/04\/20210807_183001-300x258.jpg 300w, https:\/\/restaurant-zeitlos.eu\/wp-content\/uploads\/2023\/04\/20210807_183001-1024x881.jpg 1024w, https:\/\/restaurant-zeitlos.eu\/wp-content\/uploads\/2023\/04\/20210807_183001-768x661.jpg 768w, https:\/\/restaurant-zeitlos.eu\/wp-content\/uploads\/2023\/04\/20210807_183001-1536x1322.jpg 1536w, https:\/\/restaurant-zeitlos.eu\/wp-content\/uploads\/2023\/04\/20210807_183001-2048x1763.jpg 2048w, https:\/\/restaurant-zeitlos.eu\/wp-content\/uploads\/2023\/04\/20210807_183001-772x664.jpg 772w, https:\/\/restaurant-zeitlos.eu\/wp-content\/uploads\/2023\/04\/20210807_183001-1230x1059.jpg 1230w, https:\/\/restaurant-zeitlos.eu\/wp-content\/uploads\/2023\/04\/20210807_183001-223x192.jpg 223w\" sizes=\"(max-width: 300px) 100vw, 300px\" \/><\/a>\n\t\t\t<\/div>\n\t\t\t\t<figcaption class='wp-caption-text gallery-caption' id='gallery-1-596'>\n\t\t\t\tImpressionen Caf\u00e9 Zeitlos (Foto: Jutta Aeckersberg)\n\t\t\t\t<\/figcaption><\/figure><figure class='gallery-item'>\n\t\t\t<div class='gallery-icon portrait'>\n\t\t\t\t<a href='https:\/\/restaurant-zeitlos.eu\/wp-content\/uploads\/2023\/04\/20220617_205008-scaled.jpg'><img width=\"225\" height=\"300\" src=\"https:\/\/restaurant-zeitlos.eu\/wp-content\/uploads\/2023\/04\/20220617_205008-225x300.jpg\" class=\"attachment-medium size-medium\" alt=\"\" decoding=\"async\" loading=\"lazy\" srcset=\"https:\/\/restaurant-zeitlos.eu\/wp-content\/uploads\/2023\/04\/20220617_205008-225x300.jpg 225w, https:\/\/restaurant-zeitlos.eu\/wp-content\/uploads\/2023\/04\/20220617_205008-768x1024.jpg 768w, https:\/\/restaurant-zeitlos.eu\/wp-content\/uploads\/2023\/04\/20220617_205008-1152x1536.jpg 1152w, https:\/\/restaurant-zeitlos.eu\/wp-content\/uploads\/2023\/04\/20220617_205008-1536x2048.jpg 1536w, https:\/\/restaurant-zeitlos.eu\/wp-content\/uploads\/2023\/04\/20220617_205008-772x1029.jpg 772w, https:\/\/restaurant-zeitlos.eu\/wp-content\/uploads\/2023\/04\/20220617_205008-923x1230.jpg 923w, https:\/\/restaurant-zeitlos.eu\/wp-content\/uploads\/2023\/04\/20220617_205008-144x192.jpg 144w, https:\/\/restaurant-zeitlos.eu\/wp-content\/uploads\/2023\/04\/20220617_205008-scaled.jpg 1920w\" sizes=\"(max-width: 225px) 100vw, 225px\" \/><\/a>\n\t\t\t<\/div><\/figure><figure class='gallery-item'>\n\t\t\t<div class='gallery-icon landscape'>\n\t\t\t\t<a href='https:\/\/restaurant-zeitlos.eu\/wp-content\/uploads\/2023\/04\/20210626_220316-scaled.jpg'><img width=\"300\" height=\"225\" src=\"https:\/\/restaurant-zeitlos.eu\/wp-content\/uploads\/2023\/04\/20210626_220316-300x225.jpg\" class=\"attachment-medium size-medium\" alt=\"Sonnenuntergang (Foto: Jutta Aeckersberg)\" decoding=\"async\" loading=\"lazy\" aria-describedby=\"gallery-1-592\" srcset=\"https:\/\/restaurant-zeitlos.eu\/wp-content\/uploads\/2023\/04\/20210626_220316-300x225.jpg 300w, https:\/\/restaurant-zeitlos.eu\/wp-content\/uploads\/2023\/04\/20210626_220316-1024x768.jpg 1024w, https:\/\/restaurant-zeitlos.eu\/wp-content\/uploads\/2023\/04\/20210626_220316-768x576.jpg 768w, https:\/\/restaurant-zeitlos.eu\/wp-content\/uploads\/2023\/04\/20210626_220316-1536x1152.jpg 1536w, https:\/\/restaurant-zeitlos.eu\/wp-content\/uploads\/2023\/04\/20210626_220316-2048x1536.jpg 2048w, https:\/\/restaurant-zeitlos.eu\/wp-content\/uploads\/2023\/04\/20210626_220316-772x579.jpg 772w, https:\/\/restaurant-zeitlos.eu\/wp-content\/uploads\/2023\/04\/20210626_220316-1230x923.jpg 1230w, https:\/\/restaurant-zeitlos.eu\/wp-content\/uploads\/2023\/04\/20210626_220316-256x192.jpg 256w\" sizes=\"(max-width: 300px) 100vw, 300px\" \/><\/a>\n\t\t\t<\/div>\n\t\t\t\t<figcaption class='wp-caption-text gallery-caption' id='gallery-1-592'>\n\t\t\t\tSonnenuntergangsstimmung (Foto: Jutta Aeckersberg)\n\t\t\t\t<\/figcaption><\/figure>\n\t\t<\/div>\n\n","protected":false},"excerpt":{"rendered":"<p>Liebe G\u00e4ste, unsere \u00d6ffnungszeiten ab dem 3. April 2026: Mittwoch bis Freitag 16 &#8211; 19 Uhr Samstag 15 &#8211; 19 Uhr sonntag 13 &#8211; 19 Uhr Bei Regenwetter oder gro\u00dfer Hitze bleibt das Bistro geschlossen. Wenn Sie eine der Ferienwohnungen mieten m\u00f6chten, gehen Sie bitte auf unsere Homepage www.restaurant-zeitlos.eu und f\u00fcllen das Formular aus. Per &hellip; <a href=\"https:\/\/restaurant-zeitlos.eu\/wordpress\/wp-admin\/\" class=\"more-link\"><span class=\"screen-reader-text\">Caf\u00e9-Restaurant Zeitlos<\/span> weiterlesen<\/a><\/p>\n","protected":false},"author":1,"featured_media":0,"parent":0,"menu_order":0,"comment_status":"closed","ping_status":"closed","template":"","meta":[],"_links":{"self":[{"href":"https:\/\/restaurant-zeitlos.eu\/wordpress\/wp-admin\/wp-json\/wp\/v2\/pages\/5"}],"collection":[{"href":"https:\/\/restaurant-zeitlos.eu\/wordpress\/wp-admin\/wp-json\/wp\/v2\/pages"}],"about":[{"href":"https:\/\/restaurant-zeitlos.eu\/wordpress\/wp-admin\/wp-json\/wp\/v2\/types\/page"}],"author":[{"embeddable":true,"href":"https:\/\/restaurant-zeitlos.eu\/wordpress\/wp-admin\/wp-json\/wp\/v2\/users\/1"}],"replies":[{"embeddable":true,"href":"https:\/\/restaurant-zeitlos.eu\/wordpress\/wp-admin\/wp-json\/wp\/v2\/comments?post=5"}],"version-history":[{"count":86,"href":"https:\/\/restaurant-zeitlos.eu\/wordpress\/wp-admin\/wp-json\/wp\/v2\/pages\/5\/revisions"}],"predecessor-version":[{"id":671,"href":"https:\/\/restaurant-zeitlos.eu\/wordpress\/wp-admin\/wp-json\/wp\/v2\/pages\/5\/revisions\/671"}],"wp:attachment":[{"href":"https:\/\/restaurant-zeitlos.eu\/wordpress\/wp-admin\/wp-json\/wp\/v2\/media?parent=5"}],"curies":[{"name":"wp","href":"https:\/\/api.w.org\/{rel}","templated":true}]}}